17*t = -29*t + t - 110. Let c = 20 + -12. Let v(y) = -2*y + 4 - 5*y**2 + 4*y**2 - c*y. Determine v(t).
4
Let o = 105576 - 105580. Let f(c) be the third derivative of c**7/5040 + c**6/144 - c**5/60 + c**2. Let j(n) be the third derivative of f(n). Determine j(o).
1
Let s be 1/4 + 53/(-4). Let t(j) = -j**2 - 17*j - 7*j + 24 + 29*j - 5*j - 11*j. Give t(s).
-2
Suppose 0 = -2*n - 4 - 8. Let i(r) be the second derivative of -1/2*r**4 - 6*r - 1/20*r**5 + 5 - 9/2*r**2 - 2/3*r**3. Determine i(n).
15
Let q be 7 - -5*(-10)/25. Let s(l) = -20 + l + 17 - q. Determine s(6).
-2
Let d(n) be the first derivative of n**3/3 + 7*n**2/2 + 6*n - 22. Let w be (-36)/(2/2) - 3. Let m = w + 35. Determine d(m).
-6
Let q(u) = u**2 + 33*u + 211. Let a be (-5740)/260 + 22 + (-622)/26. Give q(a).
-5
Let t(k) = 3*k**2. Let c(j) = -10*j - 152. Suppose 5*o - 48 = 5*s - 113, s + 77 = -5*o. Let g be c(o). Give t(g).
12
Let k(a) = 9*a - 7. Let o(x) = -18*x + 16. Let z(m) = 7*k(m) + 3*o(m). Suppose 0 = -3*d - 3*i - 12, -12 = -3*d + 5*i. Give z(d).
-10
Let l(t) be the third derivative of -t**4/12 - 6*t**3 - 613*t**2. Calculate l(-29).
22
Let q(y) be the second derivative of -y**3/6 - 10*y**2 + 41*y. Let v be q(-13). Let b(n) = n**3 + 6*n**2 - 6*n - 7. What is b(v)?
-14
Let r(k) be the second derivative of k**5/20 + 3*k**4/4 + k**3 - 5*k**2 + 11*k. Suppose -5*v = -3*y - 44, -74*y + 70*y - 48 = -4*v. Determine r(y).
6
Let m(q) = 6*q**3 - 11*q**2 - 3*q + 30. Let a(l) = 19*l**3 - 33*l**2 - 7*l + 91. Let z(k) = 4*a(k) - 13*m(k). Give z(6).
4
Let u(y) = 87*y**2 + 2*y - 1. Let q be (13/(-10) - 12/15*-1)*-2. Calculate u(q).
88
Let r(x) = 436*x - 2*x**2 + 6 - 878*x - 4*x**3 + 3*x**3 + 445*x. Calculate r(-3).
6
Let a(p) = -p**2 + 6*p. Suppose 0 = 6*t + 148 + 320. Let g = -66 - t. Let w(b) = 2*b - 17. Let d be w(g). Calculate a(d).
-7
Suppose 4*a - 56 = -4*p, 0 = 4*a + 67*p - 69*p - 44. Let g(s) = -s**3 + 12*s**2 + 6. Calculate g(a).
6
Let x(b) = 117*b**3 + 13*b**2 + 10*b - 2. Let v(p) = 88*p**3 + 11*p**2 + 8*p - 2. Let z(q) = -4*v(q) + 3*x(q). Let n be 2/4*2*-4. Calculate z(n).
-6
Let k(y) = 3*y - 1. Suppose -2*n = -0*n - 6. Let q(x) = 2 - 119*x + n - 4 + 117*x. Let v(t) = 4*k(t) + 5*q(t). What is v(2)?
5
Let a(n) = 5*n**3 + 2*n**2 + 3*n - 10. Let x = -205 + 203. Let b(u) = -12*u**3 - 5*u**2 - 7*u + 19. Let k(h) = x*b(h) - 5*a(h). Give k(0).
12
Suppose 0 = -86*s + 90*s - 32. Let q(x) = s*x**3 - x + 11*x**3 + 5*x**3 - 13*x**3. Give q(-1).
-10
Let y(a) be the first derivative of a**3/3 + 4*a**2 + 12*a + 910. Calculate y(-3).
-3
Let f(q) = 21*q**2 - 2*q - 29. Let j(b) = 38*b**2 - 5*b - 57. Let w(t) = -9*f(t) + 5*j(t). Suppose -2*i + 4*r + 17 = r, -4*i + 39 = -r. Give w(i).
6
Let c(i) = 62*i + 1050. Let x = 24842 - 24859. What is c(x)?
-4
Let p(q) = q**2 + q - 1. Let x(t) = 5*t**2 + 8*t - 13. Let s be x(5). Let w be (s - 4)/4*1. Suppose w = 2*k + 41. What is p(k)?
1
Let s be 58/14 + (-2)/(-56)*-4. Let z(i) = -5*i + 17. Give z(s).
-3
Let b(j) = j. Let q(y) = 4*y - 4. Let l(m) = 3*b(m) + q(m). Let w = 4563 - 4559. What is l(w)?
24
Let o(m) = 2*m - 7. Let f(r) = 8*r - 28. Let j(x) = 2*f(x) - 9*o(x). Suppose 3*t + 3*q = 24, -q + 34 = 4*t + q. Suppose 0 = -15*w + t*w + 30. Calculate j(w).
-3
Let y(x) = 4*x - 16 - 51 - 31 + 27 - 1. Calculate y(28).
40
Let z be (-2 + 0)/2 + -7. Let s(u) be the first derivative of u**4/4 + 7*u**3/3 - 3*u**2/2 - 2*u + 62135. Calculate s(z).
-42
Let r = 2483 - 2478. Let q be (-16)/(-6) + 6/(-9). Let o be q/r - (-3)/5. Let u(f) = 5*f**3 + f. Calculate u(o).
6
Let f(r) = -6*r - 7. Let s be (113 - 113)/((-2)/(-2)). Give f(s).
-7
Let b(o) = -3*o**3 + 9*o**2 + 3*o + 1. Suppose -78 = 407*g - 433*g. Give b(g).
10
Let u(c) = c + 13. Suppose -10*n + 2*n = 0. Suppose -3*q + 34 = -3*k + q, -2*q + 2 = n. Give u(k).
3
Let t(g) be the third derivative of -g**6/120 - g**5/6 + 25*g**4/24 + 4*g**3/3 - 768*g**2. Determine t(-12).
-4
Let u(j) = -j**3 - 13*j**2 + 12*j + 2. Let c be (-30)/18 + (-666)/54. Determine u(c).
30
Let k be (0/2)/(-8 + 54/6). Suppose -10 = 2*b + 5*g, k = -18*g + 23*g - 10. Let n(t) = -t - 16. Calculate n(b).
-6
Let f(q) = 11 + 5 + 1 - 26 - 19*q + 8. Calculate f(-1).
18
Let k(f) = -6*f**3 - f - 2*f**3 + 8*f - 6*f**3 - 4 + 12*f**3. Calculate k(3).
-37
Let b(c) = -c**2 + 5*c - 5. Suppose 16 = 59*t - 67*t. Let p be -6 - t - (-4 - 20). Suppose 11*w + p = 15*w. Determine b(w).
-5
Let k(p) be the first derivative of p**3/3 + p**2 - 13*p - 61. Let z be k(3). Let h(u) be the first derivative of 5*u**3/3 - 3*u**2/2 + 1. Determine h(z).
14
Let d(b) = b**2 + 9*b + 9. Suppose u - 4 = 4*u + 4*m, 5*u + 1 = -m. Suppose -q - 3*n + 1 = u, -2*q = n - 0*n + 13. Calculate d(q).
1
Suppose -a + 4 = 3*p, -4*a - p = -51 + 35. Let l(y) be the third derivative of 1/4*y**a - 1/60*y**5 + 15*y**2 - 2/3*y**3 + 0*y + 0. What is l(5)?
1
Let h = 5 + -5. Let d(l) = 1 - 30*l**3 - 7 + 31*l**3 - 10*l**2 + l + h*l. Let i be 54/14 - 4 - 71/(-7). What is d(i)?
4
Let k = 384 - 381. Let m(o) = -281 - 3*o + o**2 + 281 + o**k + 2*o. What is m(0)?
0
Let i = -1097 - -1108. Let j(z) = -z**3 + 12*z**2 - 8*z - 3. Calculate j(i).
30
Let l(h) be the third derivative of h**4/12 + 2*h**3/3 + 12*h**2 - h. Let q = -95 + 98. Determine l(q).
10
Suppose 137 = 18*b + 18*b + 65. Let r(q) = -6*q + 11. What is r(b)?
-1
Let p(m) = m**2 - 5*m - 13. Let z = -626 + 637. Let i be 0 + 5 - (-12 + (z - 0)). What is p(i)?
-7
Let h(v) = v + 12. Let k be h(-11). Suppose -1 = -g + k. Let t(m) = 0*m - g*m - 10 + 0*m + 3*m. Calculate t(6).
-4
Let r(p) = -p. Let v be (16/3)/((-3)/(-18)). Suppose 0 = 51*h - 49*h + 70. Let u = h + v. Calculate r(u).
3
Let v(a) be the second derivative of -a**5/20 - 5*a**4/12 + 2*a**3 - 21*a**2/2 - 1637*a. Give v(-7).
-7
Let v(j) be the second derivative of -j**3/2 - 11*j**2 + 13000*j. Calculate v(8).
-46
Let a(x) = -x**2 + 4*x + 6. Let r(k) = -4*k + 52. Let q be r(8). Suppose 3*w - 5*g + 3*g = q, 3*g = -4*w + 21. What is a(w)?
-6
Let k(a) = -7*a**2 - 2*a. Let f(r) = r**3 + 25*r**2 + 12*r + 22. Let p(z) = -f(z) - 6*k(z). Give p(17).
-22
Let y(f) = 10*f**3 + 24*f**2 + 3*f + 212. Let p(n) = 3*n**3 + 7*n**2 + n + 71. Let x(a) = 7*p(a) - 2*y(a). Give x(0).
73
Let n(a) = 2*a**3 - 47*a**2 - 20*a - 21. Let o(m) = -2*m**3 + 48*m**2 + 20*m + 20. Let w(p) = 7*n(p) + 6*o(p). What is w(21)?
-6
Suppose 5*r = -1 + 11. Let g be 798/6*4/28. Let t(d) = r*d - g + 16 - 3*d. Calculate t(4).
-7
Let x(r) be the second derivative of r**4/12 - r**3 - 2*r**2 + 1117*r. Determine x(7).
3
Let l(b) = b. Let o = 260 + -269. Let z = -10 - 3. Let s = z - o. What is l(s)?
-4
Let w(q) be the second derivative of -q**5/20 - 2*q**4/3 + q**3/3 + 7*q**2/2 + 5675*q. Give w(-8).
-9
Suppose -5*n + 4*u - 4 = 0, -10*n + 5*u - 5 = -5*n. Suppose 22 = 3*d - 4*q, n = -3*d + 2*q - 56 + 76. Let p(o) = -o**2 + 10*o - 16. Give p(d).
8
Suppose -g + 209 = -115. Let i = -320 + g. Let q(o) = -5 - 2*o + 4*o - o. What is q(i)?
-1
Let u(x) = x**2 - x + 2. Let z(h) = 8*h**2 + 2*h + 12. Let s(l) = 4*u(l) - z(l). Let d(j) = -5*j**2 - 8*j - 4. Let v(o) = 5*d(o) - 6*s(o). What is v(-6)?
-8
Let w(t) = 30*t**3 - t**2 - 2*t - 1. Let s be w(-1). Let u = s - -31. Let b(m) = 25*m + 1 + u - 23*m. Determine b(-2).
-2
Let i(j) = -j**3 - 7*j**2 - 2*j - 10. Suppose -10*m + 650 - 250 = 0. Suppose m = -5*g - 5*y, 2*g + 5*y = 10 - 29. Determine i(g).
4
Suppose -14*t = -73 + 17. Suppose -4*b + 3*d = -4, d = -3*b - 6 - t. Let o(j) = 3*j**3 - 3*j**2 - 2*j + 2. What is o(b)?
-30
Let h(d) = d + 11. Let y = 15 + -25. Let w be h(y). Let q(a) = 21*a**3 + 1 - 48*a + 30*a + 18*a. Calculate q(w).
22
Let h(x) be the third derivative of x**5/30 - x**4/4 - x**3/3 + 8*x**2. Let t(d) = -d**2 - 108*d + 690. Let u be t(6). Calculate h(u).
34
Let c(t) = t**2 + 4*t + 6. Suppose 0 = -0*l - 4*l - 4*r - 20, 0 = -l - 3*r - 11. Let y be 1*2/(-4)*(6 - l). Calculate c(y).
6
Let o(r) = r**3 + 8*r**2 - 5*r + 6. Suppose 5*c = 5*l + 45, -3*c - 36 = -3*l + 7*l. What is o(l)?
-30
Let w(l) = -44 - 54 - 44 - l + 143 + 2*l. Suppose -4*p - 4 = -20. What is w(p)?
5
Let y(i) be the second derivative of -i**4/12 - i**3/2 + 48*i**2 + 779*i + 2. Calculate y(9).
-12
Let n = 96 - 82. Let z be 1/2 + 19/n*7. Let x(l) = l - 9. What is x(z)?
1
Let p(h) = -2*h - 19. Suppose 53*l - 99 = 177 - 64. Determine p(l).
-27
Let t(p) be the t